the remainder when g(2) is divided by 49.
48
Suppose 5*a = j - 55, -j - 4*j - 4*a = -130. Let n = -14 + j. Calculate the remainder when n is divided by 9.
7
Suppose 18*n - 7*n = 176. What is the remainder when n is divided by 4?
0
Let k be (-24)/(-10)*(-40)/(-6). Let s = 5 + k. Calculate the remainder when (0 - 3) + 572/13 is divided by s.
20
Suppose 5*i = -0*i + 75. Suppose 68 = 6*w - 184. Calculate the remainder when w is divided by i.
12
Let i(b) = -b**2 + 10*b - 10. Calculate the remainder when 58 is divided by i(8).
4
Suppose 4*a + 2*r - 5 = 3*r, -7 = -5*a + r. Let j be 7/(-28) + 10/8. Let d(t) = 5*t**3 + t**2 - 1. Calculate the remainder when d(j) is divided by a.
1
Let c(i) = i**3 + 2*i**2 - i. Suppose -t = 5*z + 2*t - 23, -3*z + t + 25 = 0. Calculate the remainder when z is divided by c(1).
1
Suppose 0 = 2*q - 4*q - 2*h + 4, 3 = 2*q + 3*h. Suppose -q*s = -5 - 4. What is the remainder when 56 is divided by (0 + (-1)/s)*-57?
18
Suppose 6*y = 3*y - 12, 0 = 5*o + 3*y - 53. What is the remainder when 50 is divided by o?
11
Suppose 0*o = 3*o + 2*i - 146, -3*o + 134 = -i. What is the remainder when o is divided by 17?
12
Suppose -144 = -4*y + 4*a, -2 - 1 = a. Let v = 1 - 0. Let h = v - -16. Calculate the remainder when y is divided by h.
16
Suppose 4*k - 40 = -n, n + 31 = 3*k + 2*n. Let d be 11/5 + (-12)/60. Suppose -5*u = -d*u - 78. Calculate the remainder when u is divided by k.
8
Suppose -5*r + 12 - 32 = 0. Let v = -2 - r. Suppose 2*q + 20 = v*a - 2*q, 0 = 5*q + 15. What is the remainder when 7 is divided by a?
3
Let s(x) = -x**2 + 2*x + 7. Let q be s(5). Let k = q + 18. What is the remainder when 37 is divided by k?
7
Suppose 0 = 5*d + 5*h - 295, -2*h - 25 = -7*h. Calculate the remainder when 107 is divided by d.
53
Let v = 9 + -6. Suppose 12 = s + v*s. What is the remainder when s is divided by 1?
0
Let q(d) be the third derivative of 0*d - 1/6*d**3 - 3*d**2 - 7/6*d**4 + 0. Calculate the remainder when q(-2) is divided by 19.
17
Let d(i) = 10*i - 5. Calculate the remainder when d(4) is divided by 11.
2
Let h(y) be the third derivative of -y**4/24 + y**3/3 - 10*y**2. Let i(a) = a**3 - a**2 - 4. Let j be i(0). Calculate the remainder when 16 is divided by h(j).
4
Let g = -22 + 30. Calculate the remainder when 51 is divided by g/2 + (-18)/(-2).
12
Let t(j) = -j**3 - 11*j**2 - j - 5. Let g be t(-11). What is the remainder when 3 is divided by 2/3 + 8/g?
1
Let p = -14 - 0. What is the remainder when (-66)/(-14) - 4/p is divided by 3?
2
Let a = -4 - -6. Suppose 0 = a*t - 4. Suppose 2*h = -2*h + 20. Calculate the remainder when h is divided by t.
1
Let y(b) = b**3 + 12*b**2 - 13*b + 6. What is the remainder when y(-13) is divided by 3?
0
Suppose -54 = -5*r - 3*f, 39 = 3*r + 7*f - 3*f. Calculate the remainder when 14 is divided by r.
5
Let p be 1*-5 + 12/4. Calculate the remainder when -14*(3/2 + p) is divided by 5.
2
Let l be -9*((-16)/(-6) - 3). Let q = l - 0. Let j = q + 4. What is the remainder when j is divided by 4?
3
Suppose 0 = -7*q - 4*q + 99. What is the remainder when q is divided by 3?
0
Suppose -5*q = 5*l - 45, l = -q - l + 14. Suppose -3 = -q*p + 1. Let i(j) = 16*j**2 + j - 1. What is the remainder when i(p) is divided by 6?
4
Suppose 0 = 5*i - 2*u - 46, 26*u = 5*i + 21*u - 55. Calculate the remainder when 27 is divided by i.
3
Let o(d) = -5*d**2 + 3*d - 1. Let x be o(3). Let z = -24 - x. Let h = -67 + 104. Calculate the remainder when h is divided by z.
11
Let m(h) = h**3 - 7*h**2 + 7*h - 6. Let t be m(6). Let o(z) = -17*z + 0 + 12 + 27*z - 11*z. What is the remainder when 46 is divided by o(t)?
10
Let i(s) = -s + 4. Suppose 3 = 4*o - 3*o. Let v be i(o). Let x = v - -1. Calculate the remainder when 2 is divided by x.
0
Let o(m) = -m + 11. Let h be o(6). Suppose 2*i + 190 = 5*i - r, 5*i - 320 = h*r. What is the remainder when i is divided by 13?
11
Let t = -85 - -134. Suppose 46 = 4*i + 6. Let v = 15 + i. Calculate the remainder when t is divided by v.
24
Let i = -114 + 125. Calculate the remainder when 87 is divided by i.
10
What is the remainder when 59 is divided by (10 - 1)/((-3)/(-4))?
11
Let p(s) = 2*s + 10. Let n be p(-4). Suppose -n*o - 2 = 2*b - 10, -3*b + 5*o + 52 = 0. What is the remainder when b is divided by 5?
4
Suppose 4*g - u + 5 = 4*u, 0 = -g + u. Suppose -j + g*m = -34 - 8, 30 = j - 2*m. What is the remainder when 43 is divided by j?
21
Let n(k) = k**2 + 4*k. Calculate the remainder when 34 is divided by n(2).
10
Let s(z) = z**2 + z + 3. What is the remainder when s(2) is divided by 6?
3
Suppose 3*c - 593 = -215. Calculate the remainder when c is divided by 32.
30
Suppose 90 + 235 = 5*w. Calculate the remainder when w is divided by 11.
10
Suppose 4*h - b - 21 = 0, 0*h = 2*h - 3*b - 13. Suppose o - h*m - 185 = -2*o, -5*m = 5. What is the remainder when o is divided by 21?
18
Let j(u) = u - 15. Let r be j(0). Let t = r - -41. Calculate the remainder when 77 is divided by t.
25
Suppose -54 = -4*h - 3*l - 12, -h + 10 = l. What is the remainder when 23 is divided by h?
11
Let u = -41 - -75. Let l(r) = -2*r**3 + 4*r**2 - 3*r + 2. Let n be l(2). Let z(a) = 2*a**2 + 4*a + 2. Calculate the remainder when u is divided by z(n).
16
Suppose -4*t + 124 + 0 = 0. Suppose o + 0*o = -y + 7, 0 = 2*o + 3*y - 10. Calculate the remainder when t is divided by o.
9
Let r be 2/4 + (-70)/(-4). Let w = r - 2. Calculate the remainder when w is divided by (2 + 15/(-6))*-18.
7
Let q(f) = -f**3 - 5*f**2 - 4*f + 6. What is the remainder when 2/((2/23)/1) is divided by q(-4)?
5
Suppose 2*t - 2*c - 20 = 0, -69 = -4*t + 5*c - 27. Suppose 0 = i - 4*i + 6. Suppose -i*m + 5*m = 45. What is the remainder when m is divided by t?
7
Suppose 4*p - 9 = p. Suppose p*t + t = 196. Let f(d) = 16*d + 1. Calculate the remainder when t is divided by f(1).
15
Let s = 53 + -27. Calculate the remainder when 75 is divided by s.
23
Suppose -5*m = m - 66. Calculate the remainder when m is divided by 2.
1
Let w = 115 - 37. Calculate the remainder when w is divided by (8 - 2)*18/4.
24
Let a = 36 - 25. What is the remainder when 43 is divided by a?
10
Let f(x) = x**3 - 8*x**2 - 5*x + 27. Calculate the remainder when f(9) is divided by 8.
7
Let z(g) = -g**2 + 8*g - 5. Let l = 11 + -7. Suppose 1 + l = s. Calculate the remainder when 28 is divided by z(s).
8
Suppose 7*b - 40 = 2*b + 4*z, 5*z = 3*b - 24. Let v = 25 - 2. What is the remainder when v is divided by (-2)/b - 196/(-16)?
11
Suppose 5*x - 2*r + 3*r = 94, 2*r - 98 = -5*x. Let o = -35 + 40. Calculate the remainder when x is divided by o.
3
Suppose 2*t + 36 - 12 = 0. What is the remainder when (t/10)/(24/(-180)) is divided by 5?
4
Suppose -3*l + 2*d = -142, -152 = -0*l - 3*l + 4*d. Suppose -5*c + o = -3*o - l, 52 = 3*c + 4*o. What is the remainder when (-2)/(-9) + 205/9 is divided by c?
11
Suppose 0 = 3*n + 3*m - 102, 2*n - m + 2*m - 71 = 0. Suppose -y - 2*y + 459 = 0. What is the remainder when n is divided by (-2)/(-8) - y/(-12)?
11
Let m(f) = f**3 + 4*f**2 - f. Suppose 0 = -2*i + 7*i - 165. Calculate the remainder when i is divided by m(-3).
9
Suppose -2*x = q + 4, 12 = 3*x - 5*x - 3*q. Suppose -5*t = s - 5*s + 15, -5*s - 5*t + 30 = x. Calculate the remainder when 19 is divided by s.
4
Let c = 74 - 32. What is the remainder when c is divided by 11?
9
Let o(w) = -w**2 + 8*w + 8. Suppose -4*r = -5*r - u + 24, 5*r + u - 136 = 0. What is the remainder when r is divided by o(7)?
13
Suppose 12*p = 19*p - 175. What is the remainder when p is divided by 13?
12
Suppose -2*o - 13 = -o - 4*s, -2*s = 3*o - 17. Suppose 7 = -2*f + 4*d - o, 4*d = 3*f + 7. What is the remainder when 7 is divided by f?
1
Suppose 2*r + 42 = -2*m, 3*r - 53 = 3*m + 4*r. Let x = m - -33. Calculate the remainder when (-229)/(-7) - (-4)/14 is divided by x.
16
Let v(z) = -z**3 + 5*z**2 - z - 4. Suppose 0 = d, -3*p + 5*d - 308 = 82. What is the remainder when p/(-6) + 2/(-3) is divided by v(3)?
10
Let g = 7 - 2. Suppose 32 = g*x - 8. What is the remainder when (4/5)/((-4)/(-110)) is divided by x?
6
Suppose -g + 48 = 4*k, -4*k + 3*k + 39 = g. Let l(t) = t**3 - 4*t**2 - 9*t + 6. Let u be l(6). Let b = u - 5. Calculate the remainder when g is divided by b.
17
Let d = 34 - 21. Let v = -9 + d. Calculate the remainder when v is divided by 3.
1
Let x(r) = 0 - 